{"id":4453,"date":"2021-03-25T17:50:31","date_gmt":"2021-03-25T17:50:31","guid":{"rendered":"https:\/\/jungfraualetsch.ch\/forschungsschwerpunkte\/"},"modified":"2025-07-25T14:05:08","modified_gmt":"2025-07-25T14:05:08","slug":"les-priorites-de-la-recherche","status":"publish","type":"page","link":"https:\/\/jungfraualetsch.ch\/fr\/recherche\/les-priorites-de-la-recherche\/","title":{"rendered":"P\u00f4les de recherche"},"content":{"rendered":"<p>[et_pb_section fb_built=\u00a0\u00bb1&Prime; fullwidth=\u00a0\u00bbon\u00a0\u00bb _builder_version=\u00a0\u00bb4.16&Prime; _module_preset=\u00a0\u00bbdefault\u00a0\u00bb background_image=\u00a0\u00bbhttps:\/\/jungfraualetsch.ch\/wp-content\/uploads\/2021\/03\/header_05_pat_A34A1335-1-scaled.jpg\u00a0\u00bb parallax=\u00a0\u00bbon\u00a0\u00bb bottom_divider_style=\u00a0\u00bbslant2&Prime; bottom_divider_color=\u00a0\u00bb#FFFFFF\u00a0\u00bb bottom_divider_flip=\u00a0\u00bbhorizontal\u00a0\u00bb bottom_divider_height_tablet=\u00a0\u00bb\u00a0\u00bb bottom_divider_height_phone=\u00a0\u00bb\u00a0\u00bb bottom_divider_height_last_edited=\u00a0\u00bbon|desktop\u00a0\u00bb custom_css_main_element=\u00a0\u00bbmin-height: 45vh;\u00a0\u00bb global_colors_info=\u00a0\u00bb{}\u00a0\u00bb][\/et_pb_section][et_pb_section fb_built=\u00a0\u00bb1&Prime; _builder_version=\u00a0\u00bb4.16&Prime; _module_preset=\u00a0\u00bbdefault\u00a0\u00bb background_enable_color=\u00a0\u00bboff\u00a0\u00bb background_enable_image=\u00a0\u00bboff\u00a0\u00bb top_divider_flip=\u00a0\u00bbhorizontal\u00a0\u00bb global_colors_info=\u00a0\u00bb{}\u00a0\u00bb][et_pb_row _builder_version=\u00a0\u00bb4.16&Prime; _module_preset=\u00a0\u00bbdefault\u00a0\u00bb global_colors_info=\u00a0\u00bb{}\u00a0\u00bb][et_pb_column type=\u00a0\u00bb4_4&Prime; _builder_version=\u00a0\u00bb4.16&Prime; _module_preset=\u00a0\u00bbdefault\u00a0\u00bb global_colors_info=\u00a0\u00bb{}\u00a0\u00bb][et_pb_text admin_label=\u00a0\u00bbTitel\u00a0\u00bb _builder_version=\u00a0\u00bb4.27.4&Prime; _module_preset=\u00a0\u00bbdefault\u00a0\u00bb hover_enabled=\u00a0\u00bb0&Prime; global_colors_info=\u00a0\u00bb{}\u00a0\u00bb sticky_enabled=\u00a0\u00bb0&Prime;]<\/p>\n<h1>P\u00f4les de recherche<\/h1>\n<p>[\/et_pb_text][\/et_pb_column][\/et_pb_row][et_pb_row column_structure=\u00a0\u00bb3_4,1_4&Prime; _builder_version=\u00a0\u00bb4.16&Prime; _module_preset=\u00a0\u00bbdefault\u00a0\u00bb global_colors_info=\u00a0\u00bb{}\u00a0\u00bb][et_pb_column type=\u00a0\u00bb3_4&Prime; _builder_version=\u00a0\u00bb4.16&Prime; _module_preset=\u00a0\u00bbdefault\u00a0\u00bb global_colors_info=\u00a0\u00bb{}\u00a0\u00bb][et_pb_text _builder_version=\u00a0\u00bb4.27.4&Prime; _module_preset=\u00a0\u00bbdefault\u00a0\u00bb hover_enabled=\u00a0\u00bb0&Prime; global_colors_info=\u00a0\u00bb{}\u00a0\u00bb sticky_enabled=\u00a0\u00bb0&Prime;]<\/p>\n<p>L\u2019inscription au patrimoine mondial de l\u2019UNESCO en 2001 confirme la valeur exceptionnelle et la beaut\u00e9 remarquable du paysage naturel et culturel de notre r\u00e9gion. Cette distinction implique cependant aussi la responsabilit\u00e9 de rendre visible cet h\u00e9ritage de l\u2019humanit\u00e9 et d\u2019en pr\u00e9server les valeurs. L\u2019observation \u00e0 long terme des changements affectant le site du patrimoine mondial est essentielle pour la conservation durable de ses valeurs.<\/p>\n<p><strong>Les autres domaines de recherche sont<\/strong><\/p>\n<ul>\n<li>Impact des changements globaux<\/li>\n<li>\u00c9cosyst\u00e8mes alpins<\/li>\n<li>Syst\u00e8mes d&rsquo;alimentation durables<\/li>\n<li>Gouvernance de biens communs<\/li>\n<li>Suivi et gestion des visiteurs<\/li>\n<li>Gestion durable des ressources naturelles<\/li>\n<li>Innovation et apprentissage collectif<\/li>\n<li>M\u00e9thodes et instruments de d\u00e9veloppement durable dans les r\u00e9gions de montagne<\/li>\n<\/ul>\n<p>La prise en compte des besoins de la r\u00e9gion du patrimoine mondial rev\u00eat une importance particuli\u00e8re dans la strat\u00e9gie de recherche.<\/p>\n<p>[\/et_pb_text][\/et_pb_column][et_pb_column type=\u00a0\u00bb1_4&Prime; _builder_version=\u00a0\u00bb4.16&Prime; _module_preset=\u00a0\u00bbdefault\u00a0\u00bb global_colors_info=\u00a0\u00bb{}\u00a0\u00bb][\/et_pb_column][\/et_pb_row][\/et_pb_section]<\/p>\n","protected":false},"excerpt":{"rendered":"<p>P\u00f4les de rechercheL\u2019inscription au patrimoine mondial de l\u2019UNESCO en 2001 confirme la valeur exceptionnelle et la beaut\u00e9 remarquable du paysage naturel et culturel de notre r\u00e9gion. Cette distinction implique cependant aussi la responsabilit\u00e9 de rendre visible cet h\u00e9ritage de l\u2019humanit\u00e9 et d\u2019en pr\u00e9server les valeurs. L\u2019observation \u00e0 long terme des changements affectant le site du [&hellip;]<\/p>\n","protected":false},"author":1,"featured_media":0,"parent":5059,"menu_order":16,"comment_status":"closed","ping_status":"closed","template":"","meta":{"_et_pb_use_builder":"on","_et_pb_old_content":"","_et_gb_content_width":"","footnotes":""},"class_list":["post-4453","page","type-page","status-publish","hentry"],"yoast_head":"<!-- This site is optimized with the Yoast SEO plugin v27.1.1 - https:\/\/yoast.com\/product\/yoast-seo-wordpress\/ -->\n<title>P\u00f4les de recherche - UNESCO World Heritage Swiss Alps Jungfrau-Aletsch<\/title>\n<meta name=\"robots\" content=\"index, follow, max-snippet:-1, max-image-preview:large, max-video-preview:-1\" \/>\n<link rel=\"canonical\" href=\"https:\/\/jungfraualetsch.ch\/fr\/recherche\/les-priorites-de-la-recherche\/\" \/>\n<meta property=\"og:locale\" content=\"fr_FR\" \/>\n<meta property=\"og:type\" content=\"article\" \/>\n<meta property=\"og:title\" content=\"P\u00f4les de recherche - UNESCO World Heritage Swiss Alps Jungfrau-Aletsch\" \/>\n<meta property=\"og:description\" content=\"P\u00f4les de rechercheL\u2019inscription au patrimoine mondial de l\u2019UNESCO en 2001 confirme la valeur exceptionnelle et la beaut\u00e9 remarquable du paysage naturel et culturel de notre r\u00e9gion. Cette distinction implique cependant aussi la responsabilit\u00e9 de rendre visible cet h\u00e9ritage de l\u2019humanit\u00e9 et d\u2019en pr\u00e9server les valeurs. L\u2019observation \u00e0 long terme des changements affectant le site du [&hellip;]\" \/>\n<meta property=\"og:url\" content=\"https:\/\/jungfraualetsch.ch\/fr\/recherche\/les-priorites-de-la-recherche\/\" \/>\n<meta property=\"og:site_name\" content=\"UNESCO World Heritage Swiss Alps Jungfrau-Aletsch\" \/>\n<meta property=\"article:modified_time\" content=\"2025-07-25T14:05:08+00:00\" \/>\n<meta name=\"twitter:card\" content=\"summary_large_image\" \/>\n<meta name=\"twitter:label1\" content=\"Dur\u00e9e de lecture estim\u00e9e\" \/>\n\t<meta name=\"twitter:data1\" content=\"1 minute\" \/>\n<script type=\"application\/ld+json\" class=\"yoast-schema-graph\">{\"@context\":\"https:\/\/schema.org\",\"@graph\":[{\"@type\":\"WebPage\",\"@id\":\"https:\/\/jungfraualetsch.ch\/fr\/recherche\/les-priorites-de-la-recherche\/\",\"url\":\"https:\/\/jungfraualetsch.ch\/fr\/recherche\/les-priorites-de-la-recherche\/\",\"name\":\"P\u00f4les de recherche - UNESCO World Heritage Swiss Alps Jungfrau-Aletsch\",\"isPartOf\":{\"@id\":\"https:\/\/jungfraualetsch.ch\/#website\"},\"datePublished\":\"2021-03-25T17:50:31+00:00\",\"dateModified\":\"2025-07-25T14:05:08+00:00\",\"breadcrumb\":{\"@id\":\"https:\/\/jungfraualetsch.ch\/fr\/recherche\/les-priorites-de-la-recherche\/#breadcrumb\"},\"inLanguage\":\"fr-FR\",\"potentialAction\":[{\"@type\":\"ReadAction\",\"target\":[\"https:\/\/jungfraualetsch.ch\/fr\/recherche\/les-priorites-de-la-recherche\/\"]}]},{\"@type\":\"BreadcrumbList\",\"@id\":\"https:\/\/jungfraualetsch.ch\/fr\/recherche\/les-priorites-de-la-recherche\/#breadcrumb\",\"itemListElement\":[{\"@type\":\"ListItem\",\"position\":1,\"name\":\"Startseite\",\"item\":\"https:\/\/jungfraualetsch.ch\/fr\/\"},{\"@type\":\"ListItem\",\"position\":2,\"name\":\"Recherche\",\"item\":\"https:\/\/jungfraualetsch.ch\/fr\/recherche\/\"},{\"@type\":\"ListItem\",\"position\":3,\"name\":\"P\u00f4les de recherche\"}]},{\"@type\":\"WebSite\",\"@id\":\"https:\/\/jungfraualetsch.ch\/#website\",\"url\":\"https:\/\/jungfraualetsch.ch\/\",\"name\":\"UNESCO World Heritage Swiss Alps Jungfrau-Aletsch\",\"description\":\"\",\"potentialAction\":[{\"@type\":\"SearchAction\",\"target\":{\"@type\":\"EntryPoint\",\"urlTemplate\":\"https:\/\/jungfraualetsch.ch\/?s={search_term_string}\"},\"query-input\":{\"@type\":\"PropertyValueSpecification\",\"valueRequired\":true,\"valueName\":\"search_term_string\"}}],\"inLanguage\":\"fr-FR\"}]}<\/script>\n<!-- \/ Yoast SEO plugin. -->","yoast_head_json":{"title":"P\u00f4les de recherche - UNESCO World Heritage Swiss Alps Jungfrau-Aletsch","robots":{"index":"index","follow":"follow","max-snippet":"max-snippet:-1","max-image-preview":"max-image-preview:large","max-video-preview":"max-video-preview:-1"},"canonical":"https:\/\/jungfraualetsch.ch\/fr\/recherche\/les-priorites-de-la-recherche\/","og_locale":"fr_FR","og_type":"article","og_title":"P\u00f4les de recherche - UNESCO World Heritage Swiss Alps Jungfrau-Aletsch","og_description":"P\u00f4les de rechercheL\u2019inscription au patrimoine mondial de l\u2019UNESCO en 2001 confirme la valeur exceptionnelle et la beaut\u00e9 remarquable du paysage naturel et culturel de notre r\u00e9gion. Cette distinction implique cependant aussi la responsabilit\u00e9 de rendre visible cet h\u00e9ritage de l\u2019humanit\u00e9 et d\u2019en pr\u00e9server les valeurs. L\u2019observation \u00e0 long terme des changements affectant le site du [&hellip;]","og_url":"https:\/\/jungfraualetsch.ch\/fr\/recherche\/les-priorites-de-la-recherche\/","og_site_name":"UNESCO World Heritage Swiss Alps Jungfrau-Aletsch","article_modified_time":"2025-07-25T14:05:08+00:00","twitter_card":"summary_large_image","twitter_misc":{"Dur\u00e9e de lecture estim\u00e9e":"1 minute"},"schema":{"@context":"https:\/\/schema.org","@graph":[{"@type":"WebPage","@id":"https:\/\/jungfraualetsch.ch\/fr\/recherche\/les-priorites-de-la-recherche\/","url":"https:\/\/jungfraualetsch.ch\/fr\/recherche\/les-priorites-de-la-recherche\/","name":"P\u00f4les de recherche - UNESCO World Heritage Swiss Alps Jungfrau-Aletsch","isPartOf":{"@id":"https:\/\/jungfraualetsch.ch\/#website"},"datePublished":"2021-03-25T17:50:31+00:00","dateModified":"2025-07-25T14:05:08+00:00","breadcrumb":{"@id":"https:\/\/jungfraualetsch.ch\/fr\/recherche\/les-priorites-de-la-recherche\/#breadcrumb"},"inLanguage":"fr-FR","potentialAction":[{"@type":"ReadAction","target":["https:\/\/jungfraualetsch.ch\/fr\/recherche\/les-priorites-de-la-recherche\/"]}]},{"@type":"BreadcrumbList","@id":"https:\/\/jungfraualetsch.ch\/fr\/recherche\/les-priorites-de-la-recherche\/#breadcrumb","itemListElement":[{"@type":"ListItem","position":1,"name":"Startseite","item":"https:\/\/jungfraualetsch.ch\/fr\/"},{"@type":"ListItem","position":2,"name":"Recherche","item":"https:\/\/jungfraualetsch.ch\/fr\/recherche\/"},{"@type":"ListItem","position":3,"name":"P\u00f4les de recherche"}]},{"@type":"WebSite","@id":"https:\/\/jungfraualetsch.ch\/#website","url":"https:\/\/jungfraualetsch.ch\/","name":"UNESCO World Heritage Swiss Alps Jungfrau-Aletsch","description":"","potentialAction":[{"@type":"SearchAction","target":{"@type":"EntryPoint","urlTemplate":"https:\/\/jungfraualetsch.ch\/?s={search_term_string}"},"query-input":{"@type":"PropertyValueSpecification","valueRequired":true,"valueName":"search_term_string"}}],"inLanguage":"fr-FR"}]}},"_links":{"self":[{"href":"https:\/\/jungfraualetsch.ch\/fr\/wp-json\/wp\/v2\/pages\/4453","targetHints":{"allow":["GET"]}}],"collection":[{"href":"https:\/\/jungfraualetsch.ch\/fr\/wp-json\/wp\/v2\/pages"}],"about":[{"href":"https:\/\/jungfraualetsch.ch\/fr\/wp-json\/wp\/v2\/types\/page"}],"author":[{"embeddable":true,"href":"https:\/\/jungfraualetsch.ch\/fr\/wp-json\/wp\/v2\/users\/1"}],"replies":[{"embeddable":true,"href":"https:\/\/jungfraualetsch.ch\/fr\/wp-json\/wp\/v2\/comments?post=4453"}],"version-history":[{"count":5,"href":"https:\/\/jungfraualetsch.ch\/fr\/wp-json\/wp\/v2\/pages\/4453\/revisions"}],"predecessor-version":[{"id":13074,"href":"https:\/\/jungfraualetsch.ch\/fr\/wp-json\/wp\/v2\/pages\/4453\/revisions\/13074"}],"up":[{"embeddable":true,"href":"https:\/\/jungfraualetsch.ch\/fr\/wp-json\/wp\/v2\/pages\/5059"}],"wp:attachment":[{"href":"https:\/\/jungfraualetsch.ch\/fr\/wp-json\/wp\/v2\/media?parent=4453"}],"curies":[{"name":"wp","href":"https:\/\/api.w.org\/{rel}","templated":true}]}}

Pôles de recherche

<p>[et_pb_section fb_built= »1&Prime; fullwidth= »on » _builder_version= »4.16&Prime; _module_preset= »default » background_image= »https://jungfraualetsch.ch/wp-content/uploads/2021/03/header_05_pat_A34A1335-1-scaled.jpg » parallax= »on » bottom_divider_style= »slant2&Prime; bottom_divider_color= »#FFFFFF » bottom_divider_flip= »horizontal » bottom_divider_height_tablet= » » bottom_divider_height_phone= » » bottom_divider_height_last_edited= »on|desktop » custom_css_main_element= »min-height: 45vh; » global_colors_info= »{} »][/et_pb_section][et_pb_section fb_built= »1&Prime; _builder_version= »4.16&Prime; _module_preset= »default » background_enable_color= »off » background_enable_image= »off » top_divider_flip= »horizontal » global_colors_info= »{} »][et_pb_row _builder_version= »4.16&Prime; _module_preset= »default » global_colors_info= »{} »][et_pb_column type= »4_4&Prime; _builder_version= »4.16&Prime; _module_preset= »default » global_colors_info= »{} »][et_pb_text admin_label= »Titel » _builder_version= »4.27.4&Prime; _module_preset= »default » hover_enabled= »0&Prime; global_colors_info= »{} » sticky_enabled= »0&Prime;]</p>
<h1>Pôles de recherche</h1>
<p>[/et_pb_text][/et_pb_column][/et_pb_row][et_pb_row column_structure= »3_4,1_4&Prime; _builder_version= »4.16&Prime; _module_preset= »default » global_colors_info= »{} »][et_pb_column type= »3_4&Prime; _builder_version= »4.16&Prime; _module_preset= »default » global_colors_info= »{} »][et_pb_text _builder_version= »4.27.4&Prime; _module_preset= »default » hover_enabled= »0&Prime; global_colors_info= »{} » sticky_enabled= »0&Prime;]</p>
<p>L’inscription au patrimoine mondial de l’UNESCO en 2001 confirme la valeur exceptionnelle et la beauté remarquable du paysage naturel et culturel de notre région. Cette distinction implique cependant aussi la responsabilité de rendre visible cet héritage de l’humanité et d’en préserver les valeurs. L’observation à long terme des changements affectant le site du patrimoine mondial est essentielle pour la conservation durable de ses valeurs.</p>
<p><strong>Les autres domaines de recherche sont</strong></p>
<ul>
<li>Impact des changements globaux</li>
<li>Écosystèmes alpins</li>
<li>Systèmes d&rsquo;alimentation durables</li>
<li>Gouvernance de biens communs</li>
<li>Suivi et gestion des visiteurs</li>
<li>Gestion durable des ressources naturelles</li>
<li>Innovation et apprentissage collectif</li>
<li>Méthodes et instruments de développement durable dans les régions de montagne</li>
</ul>
<p>La prise en compte des besoins de la région du patrimoine mondial revêt une importance particulière dans la stratégie de recherche.</p>
<p>[/et_pb_text][/et_pb_column][et_pb_column type= »1_4&Prime; _builder_version= »4.16&Prime; _module_preset= »default » global_colors_info= »{} »][/et_pb_column][/et_pb_row][/et_pb_section]</p>

<p>Pôles de rechercheL’inscription au patrimoine mondial de l’UNESCO en 2001 confirme la valeur exceptionnelle et la beauté remarquable du paysage naturel et culturel de notre région. Cette distinction implique cependant aussi la responsabilité de rendre visible cet héritage de l’humanité et d’en préserver les valeurs. L’observation à long terme des changements affectant le site du [&hellip;]</p>

<!-- This site is optimized with the Yoast SEO plugin v27.1.1 - https://yoast.com/product/yoast-seo-wordpress/ -->
<title>Pôles de recherche - UNESCO World Heritage Swiss Alps Jungfrau-Aletsch</title>
<meta name="robots" content="index, follow, max-snippet:-1, max-image-preview:large, max-video-preview:-1" />
<link rel="canonical" href="https://jungfraualetsch.ch/fr/recherche/les-priorites-de-la-recherche/" />
<meta property="og:locale" content="fr_FR" />
<meta property="og:type" content="article" />
<meta property="og:title" content="Pôles de recherche - UNESCO World Heritage Swiss Alps Jungfrau-Aletsch" />
<meta property="og:description" content="Pôles de rechercheL’inscription au patrimoine mondial de l’UNESCO en 2001 confirme la valeur exceptionnelle et la beauté remarquable du paysage naturel et culturel de notre région. Cette distinction implique cependant aussi la responsabilité de rendre visible cet héritage de l’humanité et d’en préserver les valeurs. L’observation à long terme des changements affectant le site du [&hellip;]" />
<meta property="og:url" content="https://jungfraualetsch.ch/fr/recherche/les-priorites-de-la-recherche/" />
<meta property="og:site_name" content="UNESCO World Heritage Swiss Alps Jungfrau-Aletsch" />
<meta property="article:modified_time" content="2025-07-25T14:05:08+00:00" />
<meta name="twitter:card" content="summary_large_image" />
<meta name="twitter:label1" content="Durée de lecture estimée" />
	<meta name="twitter:data1" content="1 minute" />
<script type="application/ld+json" class="yoast-schema-graph">{"@context":"https://schema.org","@graph":[{"@type":"WebPage","@id":"https://jungfraualetsch.ch/fr/recherche/les-priorites-de-la-recherche/","url":"https://jungfraualetsch.ch/fr/recherche/les-priorites-de-la-recherche/","name":"Pôles de recherche - UNESCO World Heritage Swiss Alps Jungfrau-Aletsch","isPartOf":{"@id":"https://jungfraualetsch.ch/#website"},"datePublished":"2021-03-25T17:50:31+00:00","dateModified":"2025-07-25T14:05:08+00:00","breadcrumb":{"@id":"https://jungfraualetsch.ch/fr/recherche/les-priorites-de-la-recherche/#breadcrumb"},"inLanguage":"fr-FR","potentialAction":[{"@type":"ReadAction","target":["https://jungfraualetsch.ch/fr/recherche/les-priorites-de-la-recherche/"]}]},{"@type":"BreadcrumbList","@id":"https://jungfraualetsch.ch/fr/recherche/les-priorites-de-la-recherche/#breadcrumb","itemListElement":[{"@type":"ListItem","position":1,"name":"Startseite","item":"https://jungfraualetsch.ch/fr/"},{"@type":"ListItem","position":2,"name":"Recherche","item":"https://jungfraualetsch.ch/fr/recherche/"},{"@type":"ListItem","position":3,"name":"Pôles de recherche"}]},{"@type":"WebSite","@id":"https://jungfraualetsch.ch/#website","url":"https://jungfraualetsch.ch/","name":"UNESCO World Heritage Swiss Alps Jungfrau-Aletsch","description":"","potentialAction":[{"@type":"SearchAction","target":{"@type":"EntryPoint","urlTemplate":"https://jungfraualetsch.ch/?s={search_term_string}"},"query-input":{"@type":"PropertyValueSpecification","valueRequired":true,"valueName":"search_term_string"}}],"inLanguage":"fr-FR"}]}</script>
<!-- / Yoast SEO plugin. -->

Pôles de recherche - UNESCO World Heritage Swiss Alps Jungfrau-Aletsch

Pôles de rechercheL’inscription au patrimoine mondial de l’UNESCO en 2001 confirme la valeur exceptionnelle et la beauté remarquable du paysage naturel et culturel de notre région. Cette distinction implique cependant aussi la responsabilité de rendre visible cet héritage de l’humanité et d’en préserver les valeurs. L’observation à long terme des changements affectant le site du [&hellip;]
